+ 76. Suppose h = -3*h + y. Suppose 3*q - 29 = h. Is q a multiple of 8?
True
Let w = 70 - 48. Is 11 a factor of w?
True
Let i = 4 - 0. Suppose -20 = -i*x + 52. Is x a multiple of 5?
False
Let r(x) = -x - 4*x + 5*x + 2 + 2*x**2. Is 16 a factor of r(-5)?
False
Suppose 0 = 4*k + 3*f - 7*f - 36, k - 5*f = -7. Suppose -3*z - z = -16. Suppose z*q + j + k - 55 = 0, -q + 3*j + 17 = 0. Is q a multiple of 11?
True
Suppose -j - 5 = 10. Is (126/j)/(9/(-60)) a multiple of 15?
False
Suppose -2*t + 43 = -5*d - 175, -5*t + 615 = 5*d. Is t a multiple of 22?
False
Let z(n) be the second derivative of n**6/120 - n**5/60 - n**4/8 + n**3/3 + n. Let w(v) be the second derivative of z(v). Is w(-2) a multiple of 12?
False
Let v be 7 + -3 - (1 + -1). Suppose -3*o + 4*y + y = -50, 5*o = -v*y + 71. Does 17 divide (-6)/o + 344/10?
True
Let j = -2 - -7. Suppose -j*t + 4*p = -0*t - 89, t - 25 = -p. Is 7 a factor of t?
True
Suppose 6*s = 3*s + 231. Is 26 a factor of s?
False
Does 7 divide 7/(-42) - 91/(-6)?
False
Let d = 3 + -4. Let w = 1 + d. Is 5 a factor of 2 - (-7 + w) - -1?
True
Let y(u) = -2*u - 6. Let q be y(0). Suppose 329 - 959 = 3*p. Is ((-2)/q)/((-5)/p) a multiple of 7?
True
Let w(u) = 2*u + 2. Suppose 4*p + g + 9 = 0, -5*p = -6*p + g - 1. Let v be w(p). Is v*(1 + 7/(-2)) a multiple of 5?
True
Suppose -4*v = -12, 485 - 4 = 5*q + 2*v. Is q a multiple of 27?
False
Let p = -16 - -10. Let s be (-2 - 1)*(-2)/p. Let q(t) = -50*t. Is 22 a factor of q(s)?
False
Suppose -3*i + 5*r = -351, -2*r = 3*i - 4*r - 342. Does 14 divide i?
True
Is 20 a factor of 20/(-25) + 204/5?
True
Let m(t) = 3*t**2 + 2*t**2 + 3 + t**2 + 3*t + 2*t. Does 20 divide m(-4)?
False
Suppose -442 - 208 = -5*p. Is p a multiple of 26?
True
Let w(q) = 3*q**2 + 4*q + 9. Is w(-6) a multiple of 23?
False
Suppose 2*v + 5 = 3*v. Suppose 11 = -4*a + v*a. Is a a multiple of 7?
False
Let y(z) = -3*z - 25. Let i(c) = c + 8. Let d(o) = 8*i(o) + 3*y(o). Let q be d(-9). Let j = 47 + q. Is 19 a factor of j?
False
Suppose -55 + 13 = -y + t, -2*t = 5*y - 245. Let p = y + -13. Is 14 a factor of p?
False
Let b(g) = -2 + 3*g + 6*g - 1. Is b(5) a multiple of 14?
True
Let b = -2 + 6. Suppose 0*i + 25 = i + b*z, -i + 4*z - 15 = 0. Does 5 divide i?
True
Does 9 divide 968/33*6/4?
False
Suppose 0 = -4*n + 12 + 20. Let w(g) = -g**3 + 9*g**2 - 6*g. Let r be w(n). Suppose -20 = -2*u - 2*d, 5*u = 5*d + r + 44. Does 7 divide u?
False
Let t be 781/2 + 2/4. Suppose t = 4*q - 249. Suppose q = w + 4*w. Is w a multiple of 12?
False
Suppose -2*z + 0*z + 3*p + 106 = 0, 0 = 2*p. Let k be (-8)/(-16) - 7/(-2). Suppose i + i + z = 5*r, i - 32 = -k*r. Is r a multiple of 6?
False
Suppose -2*q + 3*q + 1 = 0. Let y = q - -2. Is 3 a factor of (-2 + -1)*-1*y?
True
Let r = -35 - -60. Does 6 divide r?
False
Suppose 5*x + 0*x = 10. Suppose -9 - 5 = -x*k. Is 2*21 - (5 - k) a multiple of 14?
False
Let a = -1 + 0. Does 20 divide -2 - (a - 22 - -1)?
True
Suppose 4*l = -0*t + 3*t - 40, -3*l + 4 = 2*t. Is t a multiple of 2?
True
Suppose -25 = -c - 9. Suppose -5*i - 3 = 3*m - 23, -2*m + 4*i - c = 0. Is (-144)/(-4) + m/(-2) a multiple of 12?
True
Let v be (0 - 3 - -18) + -1. Suppose 4*b - 2 - v = 0. Is 4 a factor of b?
True
Suppose 0 = 3*n - v - 2 + 4, 4 = 3*n + 2*v. Suppose -k - 2*k + 60 = n. Is k a multiple of 20?
True
Let c(o) = -2*o + 4. Let i be c(-3). Suppose -3*m - x + 6*x - i = 0, -5*x + 10 = -2*m. Is 8 a factor of (9 - (2 - m)) + 1?
True
Suppose 2*r - 5*b = 19, -r = 4*r + 2*b - 4. Suppose 0*t = -r*t + 8. Let w = 6 - t. Does 2 divide w?
True
Let c(j) = -j**3 - 10*j**2 + 11*j - 8. Let g be c(-11). Does 13 divide (-3)/12 - 210/g?
True
Is ((-7)/(-98)*132)/((-2)/(-14)) a multiple of 32?
False
Let x(o) = -o**2 + 17*o - 1. Let h be x(13). Is h*3*1/9 a multiple of 17?
True
Is 3/1 - (-8 + -7) a multiple of 9?
True
Suppose 7*x = 10*x - 18. Is x a multiple of 5?
False
Suppose 0*c + 5*s = 4*c - 270, -4*s = -5*c + 342. Is c a multiple of 14?
True
Suppose -2*i - 4 = -4*i. Suppose 0 = i*a - 0*a. Suppose a*t - 3*t = -132. Is 22 a factor of t?
True
Let t = 9 + -6. Suppose 2*u + 29 = 6*u + 3*z, 3*u - t*z = 27. Is u a multiple of 4?
True
Suppose 4*s = -4*d, -s - 12 = -3*d - 2*d. Suppose 5*f = -4*l + 160, -d*l = 5*f - 3*l - 160. Is f a multiple of 8?
True
Suppose 8 = -4*l + 20. Suppose -2*u + 4*b = -48, -l*u + 4*b = b - 69. Is 22 a factor of u?
True
Let q be (-1)/1 - (-16)/2. Let z = q + 22. Suppose 91 = 5*s - z. Does 19 divide s?
False
Let u = 1 + -11. Let a(n) = -n**3 - 11*n**2 - 9*n + 13. Does 3 divide a(u)?
True
Let d(j) = -j**3 - j**2 + 2*j - 1. Let x be d(-2). Let u be 1 + (x + 2)*1. Suppose 33 = r + u*r. Does 11 divide r?
True
Let k be 0/(-2)*2/6. Suppose -3*z + 5*q + 134 = k, 0*z + q + 87 = 2*z. Is 13 a factor of z?
False
Let k = 16 + -9. Is 2 a factor of k?
False
Let q be (-311)/5 - (-4)/20. Let w = q + 124. Let v = -37 + w. Does 13 divide v?
False
Let o be 66/55*(-40)/3. Let g = -4 - o. Is g even?
True
Let q be 2/(-7) - 264/(-42). Suppose -5*a = 2*y - 4*y + q, -a = -2. Does 4 divide y?
True
Let k(s) = s**2 + 9. Does 8 divide k(7)?
False
Let f(a) = a**2 - 3*a - 8. Let r be f(6). Let m = r + -6. Suppose -m*u = -3*l + u - 11, -4 = -u. Is 3 a factor of l?
True
Suppose -3*k = 4*q, 0 = 4*q - 3*q + 3*k. Let g(r) = 4 - r**2 - r + 7*r + q*r. Is 5 a factor of g(5)?
False
Suppose -1211 = -5*a + v, 5*a = -8*v + 4*v + 1206. Does 27 divide a?
False
Suppose -9 = -3*z - 27. Let l = z + 16. Does 8 divide l?
False
Let u = 1 - -3. Suppose -u*n = -8*n + 52. Is n a multiple of 6?
False
Suppose -2*f + 7*f - 5*v - 180 = 0, 3*f + 4*v - 94 = 0. Is f a multiple of 17?
True
Suppose n + a - 63 = 0, 32 = -2*n + a + 158. Does 13 divide n?
False
Suppose 0 = -7*j + 3*j + 96. Is 4 a factor of j?
True
Let z(j) = 15*j**2. Let u(v) = 30*v**2. Let b(n) = -n**3 - n**2 - 1. Let o be b(-2). Let c(w) = o*u(w) - 5*z(w). Is 13 a factor of c(1)?
False
Suppose -4944 = -18*c + 2*c. Does 19 divide c?
False
Let s(v) = v**2 + 5*v. Let q be s(-5). Suppose 21 = 3*j - q*j. Suppose -b + 8 = -j. Is b a multiple of 5?
True
Suppose 5*d - 89 = 11. Suppose s + 2*h + 8 = 0, -5*h + 117 = -4*s + d. Is (-2)/(39/s + 2) a multiple of 7?
False
Let u(w) = w**3 + w + 29. Is 12 a factor of u(0)?
False
Let d(v) = -2*v - 1. Let j be d(4). Let c = -4 - j. Suppose 0*f + c*f - 60 = 0. Is f a multiple of 4?
True
Let k = 103 + -94. Is k a multiple of 6?
False
Let b(z) = -2*z + 12. Let n be b(5). Suppose 3*t = m + 89, -n*m + 46 = 2*t - 0*m. Does 12 divide t?
False
Let b(q) = q**3 - 15*q**2 + 14*q - 6. Let h be b(14). Is 6 a factor of (-72)/(-10)*(-20)/h?
True
Suppose -5*x + 2*z = -0*x - 25, -3*x = 3*z + 6. Is 2 a factor of ((-4)/x)/(2/(-6))?
True
Let l(i) = 2*i**2 - 2*i**3 + i**3 + 11*i**2 - 9*i + 6. Is 9 a factor of l(12)?
False
Let s = 19 - -33. Let p = s - 33. Is p a multiple of 15?
False
Let a be (-36)/(-24)*(-1 - -63). Let p = a - 61. Does 12 divide p?
False
Let b(n) = -n + 21. Is b(0) a multiple of 4?
False
Suppose 3*c + 19 + 11 = 0. Does 11 divide 9/45 - 218/c?
True
Suppose o - 3 = -6, -m = 4*o - 35. Suppose 0 = -2*b - 2*g + 38, 0 = -2*b + 5*b + 5*g - m. Is b a multiple of 16?
False
Let n = -427 + 651. Is n a multiple of 28?
True
Let z = 130 - 40. Is z a multiple of 9?
True
Suppose -3*p + 11 = 2. Is 2 a factor of p?
False
Let a(c) = -c**2 + 5*c - 2. Let h be a(4). Suppose v - h = 1. Suppose -17 = -v*n + 103. Is n a multiple of 14?
False
Let a = -99 + 42. Let g = a + 117. Is 20 a factor of g?
True
Suppose 2*d - 5*d = 5*r - 199, 2*r - 70 = 2*d. Does 8 divide r?
False
Suppose -3*f + 3*t + 153 = -0*t, 214 = 4*f + t. Is 10 a factor of f?
False
Suppose 5*r + 10 = 50. Let a = -6 + r. Suppose -65 = -5*o - 3*x, -4*o - a*x + 42 + 8 = 0. Is o a multiple of 5?
True
Let o(y) = 7*y + 17. Is 13 a factor of o(5)?
True
Suppose 0 = 2*o - 5*b + 10 + 6, 2*b = 8. Suppose 0 = o*j + 3*j - 230. Is j a multiple of 23?
True
Let q(i) = -i**3 + i**2 - i + 20. Let f be q(0). Let h be ((-10)/3)/(14/(-21)). Suppose h*k - 40 = f. Does 12 divide k?
True
Suppose -7 = m - 2*x, 3*m + 14 = -m + x. Is 28 a factor of (m/(-2))/((-12)/(-608))?
False
Let a = -375 - -556. Is a a multiple of 13?
False
Suppose -4*t = -427 - 1109. Suppose t = 3*o - 0*o. Suppose 5*n - o - 12 = 0. Is 14 a factor of n?
True
Let i be -1 - (-1)/((-3)/(-30)). Let v = i - 5. Is v a multiple of 